3 - 3356 + 1097 = -33*m. What is the greatest common factor of 2664 and m?
72
Suppose 12*r - 4576 = 7*r - 11*r. What is the highest common factor of r and 26?
26
Let m = 317 - 311. Let u be 32 + (4/14)/(m/84). What is the greatest common divisor of 60 and u?
12
Suppose -3*h - 2*t = -0*t - 254, 0 = 2*h - t - 181. Let d be ((-726)/(-66))/(2/4). Calculate the greatest common factor of h and d.
22
Suppose 9*r - 6*r - 3*t - 3723 = 0, -4*t - 6204 = -5*r. What is the greatest common factor of r and 2108?
124
Let y(q) = -2*q - 1. Let z be y(-13). Suppose p = -4*o + 1595, 35*p - 385 = -o + 32*p. Calculate the highest common divisor of z and o.
25
Let m(h) = 4302*h**2 - 44*h + 9. Let r be m(2). Calculate the highest common divisor of 7 and r.
7
Suppose -4*d + 816480 = 31*d. Let n be ((-1)/1)/((-16)/d). Calculate the greatest common divisor of n and 18.
18
Let h = -5499 + 8650. What is the highest common factor of 23 and h?
23
Let c be 1/((4 - 2)/16). Suppose -4*b + 0*b = -5*k - c, -k - 2 = -b. Let t be ((-12)/b - 2)*(-12)/8. Calculate the highest common factor of t and 132.
12
Suppose -f - 2*f - 87 = 0. Let j = f - -89. Let a be (4*(-9)/(-21))/(6/42). What is the highest common divisor of j and a?
12
Suppose -23*u + 437 = -184. What is the greatest common divisor of 279 and u?
9
Let r = -18 + 22. Suppose 3*i - 3*f = 15, -2*i - 10 = 4*f + r. Let h be i + -2 + 8 + 0. What is the greatest common divisor of h and 70?
7
Suppose -277*m + 12 = -279*m. Let h be (-374)/(-4) + 21/m. What is the highest common factor of 126 and h?
18
Suppose 0 = -21*p + 26*p - 59*p + 32238. What is the greatest common divisor of p and 398?
199
Suppose -9*u + 15967 = 5*u - 73647. Calculate the highest common factor of u and 37.
37
Let l = 558 + 212. Calculate the greatest common factor of 66 and l.
22
Let f(p) = -p**2 - 88*p - 1362. Let r be f(-22). Let t be (11 - 1) + 2 + -2. Calculate the greatest common factor of t and r.
10
Suppose -251*q + 255*q = -5*z + 28368, -4*z = 5*q - 22698. Calculate the highest common factor of z and 32.
8
Suppose 5*i - i + 4*w = 400, -4*i = 3*w - 394. Calculate the greatest common factor of i and 19834.
94
Let u be (-15948)/(-162) - (-12)/(-27). Let d(f) = -2*f**3 - f**2 + 2. Let j be d(-2). Let a = 28 - j. Calculate the highest common divisor of a and u.
14
Let f(j) = 210*j**2 + 109*j - 2. Let u be f(-8). What is the greatest common factor of 244 and u?
122
Let s be (4/36 - (-10)/18)/((-2)/(-24)). Let t(p) = 2*p**2 + 4*p - 2. Let k be t(5). What is the greatest common factor of k and s?
4
Let c(f) = -471*f + 3039. Let z be c(6). What is the greatest common divisor of z and 16543?
71
Suppose 5*p + 2034 = 5*o + 4, 1618 = 4*o + 2*p. Let g(q) = 3*q**3 - 20*q**2 + 36*q - 99. Let k be g(6). What is the greatest common factor of k and o?
45
Let x(k) = 29*k**2 + 4*k + 5. Let g be x(-4). Suppose -2*u = -5*u - g. Let f = -96 - u. Calculate the highest common divisor of 11 and f.
11
Let s(q) = -2*q - 1. Let y be s(3). Let x = y + 57. Suppose -n = -x - 90. What is the greatest common divisor of n and 14?
14
Let w be ((-12)/2 + -16)/((-2)/344). Suppose 0 = -c + 12*c - w. What is the highest common factor of c and 16?
8
Let d be (-2)/7 - 844/(-14). Suppose -3*p + 0*p = -d. Suppose m + 5*v + 12 = 0, -3*m - 35*v = -36*v - 28. What is the highest common factor of p and m?
4
Let o(v) = 618*v**2 - 31*v + 38. Let i be o(1). Calculate the highest common factor of i and 1000.
125
Suppose -3*d + 5*y = -2648, -16*d + 17*d - 884 = 2*y. Calculate the greatest common divisor of d and 24.
12
Let u = 979 - 229. What is the greatest common factor of u and 18?
6
Let i be 20/(-28) - 594/(-77). Suppose -3*v = -l - 53, 3*v + 6 - 69 = 3*l. Let d = v + 19. Calculate the greatest common factor of d and i.
7
Let h be 0/(-41) + 8*101 + -8. Calculate the highest common divisor of h and 416.
32
Let x be (-30)/50 + ((-4)/18 - 10776/(-135)). What is the greatest common factor of x and 27650?
79
Let f(p) = p**2 + 7*p + 5. Let b be f(-6). Let s(v) = 11*v + 1. Let n be s(-1). Let y be (b + n)/(2/(-38)). Calculate the highest common divisor of 19 and y.
19
Let g(r) = 3*r**2 + 14*r + 35. Suppose -4*j - 8*z = -3*z + 41, -2*j - z - 13 = 0. Let n be g(j). What is the greatest common divisor of 351 and n?
27
Let t(s) = -s**3 - 42*s**2 + 2*s + 220. Let i be t(-42). What is the highest common divisor of i and 1054?
34
Suppose -125*v = -548 - 577. What is the highest common divisor of v and 3771?
9
Let c(i) = i**3 + 64*i**2 - 126*i + 799. Let k be c(-66). Calculate the highest common factor of k and 62.
31
Let x = 5 + 345. Let c = -30 - -100. What is the highest common divisor of c and x?
70
Let c = 21541 + -21321. What is the greatest common factor of 640 and c?
20
Suppose 0 = -2*g + 17*b - 12*b + 73, -37 = -g + 3*b. Suppose -132 = -u - 30. What is the highest common divisor of g and u?
34
Let n = 202 + -197. Suppose n*l + 2*r = 15 + 20, -4*l + r = -41. Calculate the greatest common factor of l and 12.
3
Let d = -712 - -732. Let a be -12*(-13)/40 - (-2)/d. Suppose -2*f = 10, 5*f + 95 = v + 4*v. Calculate the greatest common divisor of v and a.
2
Suppose -60*r - 3*d - 135 = -62*r, 4*r - 243 = -3*d. Let q be 4*(-96)/(-9) + (-4)/6. Calculate the greatest common divisor of q and r.
21
Let f(b) = -4*b**3 - 7*b**2 + b - 5. Let h be f(-5). Suppose 0 = 11*q - 389 - 304. Calculate the greatest common factor of h and q.
63
Suppose -8163 = -3*w - 3*h, -5*w + 2*h = 494 - 14127. Calculate the greatest common factor of w and 25.
25
Let v be 56 + 12/(-10)*(-100)/(-30). Suppose -2288 = -5*n + n. What is the greatest common divisor of n and v?
52
Suppose 3*c + 187 = 5*p + 2592, -3195 = -4*c - 5*p. What is the highest common factor of c and 175?
25
Let m = -36923 - -38054. What is the greatest common divisor of m and 5133?
87
Let c(o) = 3*o**2 - 68*o + 404. Let f be c(12). Suppose -4*b = -0*n + n - 9, -4*n = 4*b. Calculate the greatest common divisor of f and b.
1
Let k(b) = b**3 - b**2 - 19*b + 75. Let m be k(5). Calculate the highest common divisor of m and 820.
20
Let v(c) = 3*c - 2. Let j = 55 + -43. Suppose 13*i - 27 = j. Let x be v(i). What is the highest common divisor of 49 and x?
7
Let m(y) = 24*y**2 + 2*y - 2. Let u be m(-2). Let x(g) = 2*g**2 + 197*g - 3324. Let n be x(-114). Calculate the highest common divisor of n and u.
30
Let t = -3686 + 3712. What is the greatest common divisor of 13 and t?
13
Suppose -2*f + 21 = -5*m - 64, 0 = 5*f + 2*m - 140. Calculate the greatest common factor of f and 40.
10
Let a = -348 - -342. Let g(d) = d**3 + 10*d**2 + 20*d + 5. Let s be g(a). What is the greatest common divisor of 232 and s?
29
Let s(f) = -f**3 + 106*f**2 + 105*f + 274. Let m be s(107). Suppose 0 = -5*i + 811 + 329. Calculate the greatest common divisor of i and m.
12
Suppose 4 = -6*x + 7*x. Let z(o) = o**2 - 8*o + 15. Let v be z(x). Let h be (-37)/(-4) - v/(-4). What is the greatest common divisor of 9 and h?
9
Let f(s) = s**2 - 16*s + 43. Let h be f(13). Suppose m - 325 = -5*o, -178 = -2*o - o - h*m. What is the greatest common divisor of 22 and o?
22
Suppose -3*h - 3 = -5*q - 1395, 5*h + 2*q = 2320. Suppose d + 0*d = 32. Calculate the highest common divisor of h and d.
16
Suppose 40 = 7*k - 3*k. Suppose 2*b + k = 0, 0 = x - 7*b + 9*b + 9. What is the highest common factor of 43 and x?
1
Let r(a) be the first derivative of -a**4/2 + 5*a**3 - 11*a**2/2 + 82*a - 323. Let x be r(7). Calculate the highest common factor of x and 1296.
54
Let w(m) = -2*m**3 - 127*m**2 - 78*m - 612. Let l be w(-63). What is the highest common factor of 225 and l?
9
Suppose 12*z - 96 = 0, -4*z - 1177 = -t + 2314. What is the greatest common factor of 13 and t?
13
Suppose 4*t = o + 69, 0*o + 88 = 5*t - 3*o. Suppose 932 = 30*m - 1108. Calculate the highest common divisor of t and m.
17
Let u(d) = 23*d**2 + 136*d + 8. Suppose 8*v + 11*v = -114. Let g be u(v). What is the greatest common factor of 12 and g?
4
Let u(r) = -8*r**3 + r. Let m be 4*(-2)/(4 - -4). Let q be u(m). Let a be (q/4)/((-2)/(-16)). Calculate the greatest common divisor of 7 and a.
7
Let c be 500 + -7 + (0 - -4). Let y be ((-6)/7)/((-1)/c). Let x be (-12)/(-54) + y/27. Calculate the greatest common divisor of x and 208.
16
Suppose 2*t - 2*i - 198 - 830 = 0, 0 = 2*